at is -5 + -6077056?
-6077062
In base 8, what is 4767727 - 5?
4767722
In base 6, what is 422402 - -1242?
424044
In base 2, what is 1100000011000100110010 + -10?
1100000011000100110000
In base 6, what is -152452 - -3332?
-145120
In base 11, what is 15211a20 - -1?
15211a21
In base 16, what is -15 + -6123e?
-61253
In base 3, what is 2220111102020121 - -1?
2220111102020122
In base 16, what is -5317e4 + -3?
-5317e7
In base 11, what is -2482712 + 25?
-2482698
In base 14, what is 1267c2c + 82?
1267cb0
In base 9, what is 2 - 35034666?
-35034664
In base 9, what is -413 - -83206?
82683
In base 14, what is -36 - 52760?
-52796
In base 5, what is 341 - 32012322?
-32011431
In base 12, what is -1a - 33a1549?
-33a1567
In base 6, what is -3204 - 41025?
-44233
In base 12, what is -1bb16b753 + 0?
-1bb16b753
In base 11, what is 498a5 - -331?
4a126
In base 10, what is -16 + 46752?
46736
In base 11, what is 4a + 43220?
4326a
In base 2, what is -111100110101100011010100 + -101?
-111100110101100011011001
In base 11, what is 0 - -11a2932?
11a2932
In base 2, what is -110110000000101110101100 - 11010?
-110110000000101111000110
In base 6, what is 11352131 - 1143?
11350544
In base 5, what is 414020 - 22010?
342010
In base 15, what is -24 - -56d5?
56b1
In base 14, what is 100 - -3a4c43?
3a4d43
In base 2, what is -100000110000 + -100011110010?
-1000100100010
In base 2, what is 1010011111111011 + 100011111011100?
1110111111010111
In base 14, what is 1169 - 6d2?
877
In base 8, what is 71 - 13516604?
-13516513
In base 14, what is bd8 + -4ad?
729
In base 9, what is 507 + -288?
208
In base 12, what is 154 - -237107?
23725b
In base 14, what is -8b6b07 - -7a?
-8b6a6b
In base 7, what is -23 - -13106146?
13106123
In base 12, what is 4b2408a4 + -1?
4b2408a3
In base 5, what is -103 + 1330322?
1330214
In base 14, what is -1 + -1b3d885?
-1b3d886
In base 10, what is -238 - -129089?
128851
In base 12, what is -141304 + 4?
-141300
In base 3, what is 101111011 - 111010022?
-2122011
In base 7, what is -16426 - 660000?
-1006426
In base 12, what is 4ba13 + 1302?
51115
In base 13, what is -5 + 1a5b1a7a?
1a5b1a75
In base 11, what is 361 + -170a25?
-170674
In base 11, what is -84 - 1069a595?
-1069a669
In base 5, what is -1021 + 4112110?
4111034
In base 7, what is 632616 + 5?
632624
In base 15, what is 4 + -6cc37b7?
-6cc37b3
In base 9, what is 15330 - 1678?
13541
In base 10, what is 73264 - -142?
73406
In base 12, what is -b70 - 349?
-12b9
In base 6, what is -414 + 3122145?
3121331
In base 14, what is 270141 - 67?
2700b8
In base 16, what is 53 - -52208?
5225b
In base 4, what is 3313333003 + -100?
3313332303
In base 10, what is 31492 + 8448?
39940
In base 14, what is -181d + 2b5a?
133b
In base 12, what is 6175 + -151b?
4856
In base 14, what is -11ccb1ba + -2?
-11ccb1bc
In base 2, what is 1110 + -10111011101001001011?
-10111011101000111101
In base 15, what is 3219 + -8b?
317d
In base 4, what is 12201 + -2230101123?
-2230022322
In base 7, what is 13161611 - -440?
13162351
In base 10, what is 10763775 - -2?
10763777
In base 3, what is -1022120 + -10122122111?
-10200222001
In base 7, what is -116 - -163423?
163304
In base 10, what is 229124 - 157?
228967
In base 10, what is -457 + 449364?
448907
In base 8, what is 6 - 143046?
-143040
In base 10, what is -1 + 10266846?
10266845
In base 3, what is 2022121200220101 - -1?
2022121200220102
In base 11, what is 0 - 2287339?
-2287339
In base 2, what is 1000010011011 - 110001001100?
10001001111
In base 8, what is -3 + -6717312?
-6717315
In base 13, what is -855a6 - 3a?
-85613
In base 8, what is 1 + 357730634?
357730635
In base 12, what is 4 + 1028859?
1028861
In base 4, what is 202022130 + -21?
202022103
In base 16, what is -1f80 + f6b9?
d739
In base 13, what is -19468 - 466?
-19901
In base 2, what is 0 - -10011010011110001010011000?
10011010011110001010011000
In base 2, what is -1011111 - 101100110101010000?
-101100110110101111
In base 12, what is 4554 + -9273?
-491b
In base 16, what is 49a2a6 + 1?
49a2a7
In base 13, what is 42 + -20900?
-2088b
In base 14, what is -5a03a - -233?
-59c07
In base 2, what is 110000010000010011001 - -11111?
110000010000010111000
In base 7, what is 1556 - 6553040?
-6551151
In base 3, what is 10220011 + -111000122?
-100010111
In base 7, what is 22 - -4105266?
4105321
In base 9, what is -26 + 2157831?
2157804
In base 10, what is -6 + 12599024?
12599018
In base 6, what is 0 - 1441020544?
-1441020544
In base 15, what is 11d39 + -1221?
10b18
In base 13, what is 1c - -50356?
50375
In base 2, what is -10111111010001010001110 + -10111?
-10111111010001010100101
In base 3, what is -10012220111221201 + 11?
-10012220111221120
In base 2, what is 11010111111111110101001010 + 0?
11010111111111110101001010
In base 8, what is -4077645 + 4?
-4077641
In base 10, what is -19440406 + 16?
-19440390
In base 15, what is 1 + -1eddd0?
-1eddce
In base 13, what is 19c14c + 5?
19c154
In base 16, what is 797 + -444bb?
-43d24
In base 14, what is -b98461 - 3?
-b98464
In base 15, what is 2 - 18c65e1?
-18c65de
In base 14, what is -93363 - -16?
-9334b
In base 2, what is 1101 + 111011100110110110?
111011100111000011
In base 3, what is -1 + 2000000102012?
2000000102011
In base 13, what is -249 + 602?
386
In base 7, what is -2 - -100163406?
100163404
In base 13, what is -380 - -2379c?
2341c
In base 14, what is 9 - 1639b2d?
-1639b24
In base 8, what is 3 - 206113367?
-206113364
In base 12, what is -203a25b + 11?
-203a24a
In base 3, what is 1221002011200 - 102?
1221002011021
In base 3, what is 200111000111 - 12021?
200110211020
In base 15, what is ee2 - -83?
1075
In base 3, what is -2201102 + -100101220211?
-100111122020
In base 9, what is 61807887 - 1?
61807886
In base 8, what is -14770077 + 3?
-14770074
In base 15, what is -8de015 + 0?
-8de015
In base 13, what is -a504 + 2155?
-837c
In base 8, what is -10153 - -151745?
141572
In base 4, what is -10203321 + 1222222?
-2321033
In base 16, what is 17ce17f - -3?
17ce182
In base 9, what is -2327 - -8445?
6117
In base 4, what is 313021220 + -21003?
313000211
In base 16, what is -5aaa8 + -129?
-5abd1
In base 9, what is 73 - 120007?
-118824
In base 4, what is 1011330222201 + -1?
1011330222200
In base 8, what is 4 + -517601?
-517575
In base 10, what is 709 + 852748?
853457
In base 16, what is -1ae043a + 0?
-1ae043a
In base 14, what is 15 - -ab70?
ab85
In base 7, what is 52 + 1366041?
1366123
In base 6, what is -3513515 + 50?
-3513425
In base 7, what is 140450 - 1146?
136301
In base 3, what is 100120122201 + 10121?
100120210022
In base 16, what is 2fb4b18 + -1?
2fb4b17
In base 15, what is -6 - 575a3e?
-575a45
In base 3, what is -1120212 - -112?
-1120100
In base 9, what is -27 - 226350?
-226377
In base 2, what is 111101000011110011101100 + -11?
111101000011110011101001
In base 11, what is -7a20073 - -5?
-7a20069
In base 14, what is -10 - -70959?
70949
In base 7, what is 3404 + 16233?
22640
In base 15, what is -3597a5a - -8?
-3597a52
In base 10, what is 1836214 - -64?
1836278
In base 14, what is 1d2b377 + 0?
1d2b377
In base 9, what is 7763 + -520?
7243
In base 7, what is 4 - -141025415?
141025422
In base 4, what is -3 + 10002122321212?
10002122321203
In base 6, what is 10053 - 421033?
-410540
In base 16, what is 2 + -1612bdd?
-1612bdb
In base 16, what is 5b + 1770ef?
17714a
In base 9, what is -1 + -23474022?
-23474023
In base 8, what is 2622 - -1254?
4076
In base 6, what is -11301 + 225430?
214125
In base 12, what is 84307 - 177?
84150
In base 9, what is 41523637 - 5?
41523632
In base 5, what is 234312431 + -11?
234312420
In base 14, what is 52bbbc9 - 3?
52bbbc6
In base 4, what is -31 - 30102011222?
-30102011313
In base 15, what is 1 + -185386ae?
-185386ad
In base 6, what is 3531 - 333223?
-325252
In base 6, what is -250500054 - -23?
-250500031
In base 5, what is -2440441141243 + 10?
-2440441141233
In base 6, what is 0 + 44154132120?
44154132120
In base 3, what is 22121012 - 220002?
21201010
In base 3, what is 11 + -20202000001000?
-20202000000212
In base 12, what is -b67451 - -16?
-b67437
In base 15, what is -9 - 3744e1?
-3744ea
In base 6, what is 1445231405 - 1?
1445231404
In base 10, what is -165 + -238900?
-239065
In base 12, what is 140ba7 + 934?
14191b
In base 6, what is 420210443 + 11?
420210454
In base 7, what is 6364200